 5 + 1. Let y = -8 - -11. Is 194/y - (-2)/z a prime number?
False
Let y be (3/(-2) + 3)*4. Let w(c) = 36*c + 7. Is w(y) a composite number?
False
Let y = 354 - -5. Is y prime?
True
Let a(w) = w - 8. Let y be a(13). Let i(j) = j**2 - 3*j - 7. Let f be i(y). Is (f - 2)/((-1)/(-53)) composite?
False
Is 30/(-70) - 10804/(-7) prime?
True
Suppose 2321 + 18564 = 5*o. Is o composite?
False
Let t = 3 + 1. Suppose -h + 984 = t*a + 3*h, 0 = -4*a + 2*h + 972. Suppose -4*u - 8 + a = 0. Is u composite?
False
Let j(g) = 3*g**2 + 2*g - 1. Let a = -2 + 3. Let l be j(a). Suppose -5*x + c + 58 = 0, x = -0*x + l*c + 23. Is x composite?
False
Let x(l) = -l**2 - 5*l + 4. Let z be x(-5). Suppose 2*m + 337 = m - 4*i, 5*i = -4*m - 1403. Is (-1)/4 - m/z a composite number?
False
Let k(c) = -c**2 + 5*c - 4. Let n be k(3). Is 644 + (2/n - -2) composite?
False
Let t(w) = 2*w**2 - 9*w. Is t(7) composite?
True
Let a be ((-54)/12)/((-6)/(-8)). Let q = 4 + a. Is (1 - -20) + 4/q a composite number?
False
Is ((-18)/36)/(1/(-3706)) a composite number?
True
Let f be ((-1)/3)/((-1)/15). Suppose -d = 4*d - f*q + 385, 5*d - 3*q + 389 = 0. Let h = d + 114. Is h a composite number?
True
Suppose -4*o + 0*o = -4824. Suppose 218 = -4*x + o. Suppose -2*d + x = -d. Is d composite?
True
Let a be 33/9 - (-2)/6. Suppose -5*d - a*n = -327, 2*n - 4*n = 5*d - 331. Is d prime?
True
Let k = 5 - 12. Let j = k - -6. Is 68 - ((-1)/j)/1 composite?
False
Suppose 0 = -5*v - 223 - 132. Let x = -40 - v. Is x composite?
False
Let h = 132 - 41. Is h composite?
True
Suppose 5*z = -4*q + 5025, 2*q + 2*z - 2512 = -0*q. Is q prime?
False
Suppose b = -5*c + 29, -2*b + 229 = 3*b - 3*c. Suppose 5*s - 340 = 5*g, s + 3*g - b = 20. Is s a composite number?
False
Suppose 143 = 4*f + 3. Suppose 2*y = -3*y + f. Let v(t) = 2*t**2 - 8*t + 1. Is v(y) a prime number?
True
Let y be 1/1 + 11/(-1). Let g = 33 + y. Is g a prime number?
True
Let j = -2618 - -4869. Is j composite?
False
Suppose 3*k - 7*k + 20 = 0. Suppose w + 0 - 6 = k*a, 4*w = -a + 24. Let v(u) = 5*u + 1. Is v(w) a prime number?
True
Suppose -4*p + 0*p = -2044. Suppose -p = -5*c - 86. Is c a composite number?
True
Is 2/10*0 + 541 a composite number?
False
Suppose -5*b = t - 77, 161 = 2*t + b + 2*b. Is t prime?
False
Is 16/(-56) - 5870/(-14) prime?
True
Let r(n) = -18*n - n**3 - 11*n**2 + 1 + 27*n**2 + 3*n. Is r(12) composite?
False
Let k = 22 + 17. Is k prime?
False
Suppose -88 - 42 = -2*v. Is v composite?
True
Is 3012/(-18)*(1 - (-5)/(-2)) composite?
False
Let l(w) = 116*w**3 - 4*w**2 + 2*w + 1. Is l(2) prime?
False
Suppose 26 = -h - 4*f - 6, 39 = -2*h - 3*f. Is (-1)/((h/(-1420))/(-3)) a composite number?
True
Suppose 0 = 4*k + 4*c - c - 380, 4*k - 380 = -2*c. Is k composite?
True
Suppose 2 = 5*i + 3*r - 7*r, 4*r - 18 = -5*i. Let v(z) = 2 + 5 - z**3 - 5 - 8*z - 6*z**i + 6. Is v(-7) prime?
True
Let m(d) = d**2 + 7*d - 4. Let k be m(-8). Let u be (k/10)/(1/10). Suppose 28 = u*t - 0*t. Is t a composite number?
False
Is 259 - (4 + 4/(-1)) a composite number?
True
Let f = 15 - 3. Let s = f - 10. Suppose 4*u - 87 = s*r - 477, 4*r - 3*u - 770 = 0. Is r prime?
True
Let j = -4 - -6. Suppose j*i + 4*n + 340 = 0, -2*i + n = 3*n + 348. Let v = i - -333. Is v a composite number?
True
Is (15/(-12) - -2)*2228 a composite number?
True
Let q = -119 + 255. Suppose -45 = -p - 3*d, 3*p + p - q = -d. Is p composite?
True
Suppose -83*v = -82*v - 85. Is v a prime number?
False
Suppose -5*t = p - 85 - 387, -5*t - 3*p + 476 = 0. Suppose 3*m - 20 = -m. Suppose 3*g = g + 2*h + 68, m*h - t = -3*g. Is g a prime number?
False
Is (-27)/18*(-7)/6*652 prime?
False
Let u be (3/5)/((-1)/(-5)). Suppose 33 = -3*p + 4*p + 5*d, 4*d = -u*p + 110. Is p prime?
False
Let j = 190 + -105. Is j composite?
True
Let j(w) = 8*w**2 + 3*w + 7. Let b be j(5). Suppose b = 3*g + 5*x, -g + 313 = 3*g + x. Is g composite?
False
Let i(q) = 174*q - 1. Let w = 21 - 18. Is i(w) a prime number?
True
Let p(m) = 2*m**2 - 30*m + 83. Is p(28) prime?
True
Let l = 1988 + -1225. Is l prime?
False
Suppose -24 = -2*p - 4*j, p + 5*j - 2*j = 17. Is p - (-160 - -2 - -3) prime?
True
Let p = 2 - 1. Let b be 3 + -1 - 0/8. Is 214/4 - p/b composite?
False
Let y = -52 - -87. Is y composite?
True
Suppose 9*o = 45249 + 7608. Is o prime?
False
Let f = -1561 - -3408. Is f a prime number?
True
Let j(d) = 4*d**3 + 5*d**2 - 9*d + 7. Is j(5) a composite number?
False
Suppose -3*z + 381 = -0*z. Is z composite?
False
Let i(z) be the third derivative of -25*z**4/24 - z**3/3 - 2*z**2. Is i(-9) a composite number?
False
Suppose 2*g = -0*g - 20. Let r = 17 + g. Is r a prime number?
True
Let s(u) = 2*u**3 - u**2 - 6*u + 2. Is s(8) a composite number?
True
Let b = 1999 - -104. Let s = b - 1462. Is s a composite number?
False
Let v = -525 + 1016. Is v a prime number?
True
Let w(p) = 111*p. Let r be w(1). Let l = -58 + r. Is l composite?
False
Suppose 4*o - 424 = 748. Is o a prime number?
True
Let a(o) = 25*o**2 - 2*o + 1. Let y be a(1). Suppose -102 + y = -3*i. Is i composite?
True
Let y(v) = -49*v + 8. Is y(-2) prime?
False
Let f = 505 + -18. Is f prime?
True
Suppose -2*l - 90 = -4*l. Let g = l + 132. Is g composite?
True
Let g be (-12)/10*15/(-6). Let s(x) = 11*x + 4. Is s(g) a composite number?
False
Let g be (-2)/3*(-60)/2. Suppose o - 51 = -4*p, -4*o + 84 + g = -4*p. Is o composite?
False
Let y(p) = -p**3 - 5*p**2 - 4*p + 2. Let b be y(-4). Suppose -5*z = -35 - 135. Suppose 0 = 2*r + 4*u - z, -6 = b*u + u. Is r a prime number?
False
Suppose 4 = b, 0 = -4*f + b + 2075 + 1901. Is f a prime number?
False
Let g(s) = 0*s + 4*s**2 + 5*s - 8*s + 0*s + 1. Suppose r + 2*r = -12. Is g(r) prime?
False
Let o(n) = n - 1. Let c(a) = -32*a - 3. Let r(m) = c(m) - 2*o(m). Is r(-2) prime?
True
Suppose s - 745 = -0*k - 3*k, 2*s - 3*k = 1490. Is s prime?
False
Suppose -2215 = -16*l + 11*l. Is l a composite number?
False
Let b(z) be the third derivative of 0 - 1/12*z**5 + 1/8*z**4 - 1/120*z**6 + 4/3*z**3 - 2*z**2 + 0*z. Is b(-6) composite?
True
Let s(p) = p**2 - 7*p - 9. Let a be s(7). Is (762/a)/((-10)/15) composite?
False
Suppose 3*y + 2*a = 2142 + 2813, -4*y = a - 6605. Is y composite?
True
Let k be 9/4 + (-1)/4. Let p = 0 + k. Suppose -p*l = -2*y - l + 45, -4*y + 81 = l. Is y a prime number?
False
Let c be 7/3 - 3/9. Suppose 5*u + z + 0*z = -5, 0 = -4*u - c*z - 10. Let a(b) = b + 97. Is a(u) prime?
True
Suppose -4*b + 3*b - 3*g = -100, -326 = -3*b + 4*g. Is b prime?
False
Let i(v) = 247*v**2 + 2. Is i(-1) a prime number?
False
Is ((-1)/(-3) - (-3 + 3))*255 a prime number?
False
Let f(i) = -11*i**3 + 11*i**2 - 8*i - 331. Let v(m) = -4*m**2 + 3*m - 2*m**2 + m**2 + 4*m**3 + 110 + m**2. Let y(r) = -3*f(r) - 8*v(r). Is y(0) a prime number?
True
Suppose 0 = 5*d - 4*o - 10, -4*d + 4*o + 13 = 1. Let z = 0 + d. Is (-3)/6*21*z a composite number?
True
Let p = -2 + 3. Let n = p + -1. Is (-1 - 52)*(-1 + n) composite?
False
Let m(c) = 7*c**3 - 2*c**2 + 3*c. Let u be m(5). Let h = u + -583. Is h composite?
False
Suppose -4*g = 3*m - 368, -g + 4*m + 78 = 5. Is g prime?
True
Suppose 91 + 68 = 3*s. Is s a prime number?
True
Is ((-3135)/(-20) + 1)*4*1 a composite number?
False
Let v(o) = -o**3 + 12*o**2 - 10*o - 6. Let g be v(11). Suppose 0*p - 3*n = 2*p + 9, g*n + 25 = 0. Is p prime?
True
Suppose -5*g = 4588 + 26822. Is (-4)/10 + g/(-30) composite?
True
Let b = -100 - -1007. Is b a prime number?
True
Let j = -15 - -15. Suppose -4*t - o - 2*o = -56, j = -o. Is t a prime number?
False
Suppose -5*p + 0*p = 0. Let z(y) = y**2 - y - 3. Let w be z(-6). Suppose w = -p*d + 3*d. Is d prime?
True
Let x = 40 - 5. Is x composite?
True
Let n be (-1 - 2/(-2))/(-2). Suppose -3*k - 3 + n = 0. Is 0 - (k + (-20)/2) a prime number?
True
Suppose -5*r + r = -24. Is (626/r - 2)*3 composite?
False
Suppose 0*v = 3*d - 2*v - 385, -2*d + v = -256. Suppose -d = -2*t - 21. Is t a prime number?
True
Let i = -69 - -119. Suppose -2*l - 3*l = -i. Is l a prime number?
False
Let f = 4 - -1. Suppose f*c - 2 = -22. Let v(n) = -24*n - 1. Is v(c) composite?
True
Let l be 71 - -3 - 4/2. Suppose -4*a = -x - l, -x = 2*x - 12. Is a composite?
False
Let p(v) = -11*v**3 + 2*v**2 + 2*v - 2. Is p(-3) composite?
False
Suppose -3*c = -5*c. Suppose -6*p + 3*p - 75 = c. Is (10/p)/(2/(-10)) prime?
True
Let z = 193 + -111. Suppose